 = 3*c - 14. Suppose -9*p + 100 = -7*p. What is the remainder when p is divided by m(9)?
11
Suppose 2*n = n. Let y = 2 - n. Suppose k = -z + 6, -z + y*k + 6 + 12 = 0. Calculate the remainder when 28 is divided by z.
8
Suppose -7*l = -193 - 1571. Calculate the remainder when l is divided by 51.
48
Let k(a) = 5*a + 29. What is the remainder when k(-4) is divided by 6?
3
Let s(w) = 2*w**2 + 101*w + 82. Calculate the remainder when 1326 is divided by s(-51).
129
What is the remainder when -2 - ((6 - 45) + -2) is divided by 25?
14
Suppose 0 = -25*r + 9*r + 48. Calculate the remainder when 6 is divided by r.
0
Suppose 0 = -d - 0 - 1. What is the remainder when (-1235)/(-20) - d/4 is divided by 33?
29
What is the remainder when 5 is divided by (-4*15/80)/(9/(-48))?
1
Calculate the remainder when 97 is divided by 450/20 + (-9)/(-6).
1
Let b be ((-34)/(-51))/((-4)/(-162)*3). Calculate the remainder when 70 is divided by 294/8 + b/36.
33
Let k = -307 + 329. Calculate the remainder when k is divided by 6.
4
Suppose 5*v - 4*a - 56 = 0, 3*v = 2*v - 2*a + 14. Suppose c = -6*b + 2*b + 34, 4*b - v = 0. What is the remainder when 65 is divided by c?
21
Suppose -3*h - 13 = 2*p + 13, 2*p - 4*h + 26 = 0. Suppose 2*j - 9 = -5*q, -2*j + 45 = -7*j + q. Calculate the remainder when 22 is divided by (-4)/j*(1 - p).
1
Let p be (-17)/((3/12)/((-2)/(-8))). Let v = p - -27. Calculate the remainder when v is divided by 7.
3
Suppose 10*j = 19*j - 72. Calculate the remainder when 62 is divided by j.
6
Let q = -6 + 10. Calculate the remainder when 45*(0 + 5/45) is divided by q.
1
Let q = 530 - 527. What is the remainder when 21 is divided by q?
0
Let s = -310 + 526. Suppose -39*i + s = -36*i. Calculate the remainder when i is divided by 15.
12
Let h(m) = 23*m**2 + 7*m - 3. Calculate the remainder when (-39)/(-2 + 15/12) is divided by h(1).
25
Suppose 2*n - 2*m - 150 = 0, 0 = 5*n - 4*m + 94 - 472. Calculate the remainder when 218 is divided by n.
62
Calculate the remainder when 7 - (204/(-24))/((-3)/(-318)) is divided by 76.
72
Let c(x) = x - 15. Let n be c(10). Calculate the remainder when 9 is divided by 1*2/((-2)/n).
4
Let z = -59 - -97. Suppose 28*m = 27*m + z. Calculate the remainder when 111 is divided by m.
35
Let x be 16 + 2 - (-3 - -3). Suppose 0 = 3*n - x - 3. Suppose 33*z - 28 = 368. Calculate the remainder when z is divided by n.
5
Suppose -3*m - 19 = -5*a, m - 4*a = 6 - 24. Suppose 6*c + 3*z - 94 = m*c, -2*z = -4. What is the remainder when 87 is divided by c?
21
Suppose 94 = -2*y + 120. Suppose y*j = 6*j + 525. What is the remainder when j is divided by 13?
10
Let n(j) be the third derivative of 3*j**6/20 + j**5/60 - j**4/24 + j**3/6 + j**2. Calculate the remainder when n(1) is divided by 11.
8
Let k(b) = -3*b - 1. Let l be k(-4). Suppose 6*f - l = 49. Calculate the remainder when 27 is divided by f.
7
Let j(i) = 5*i**2 + 58*i + 74. Calculate the remainder when 2539 is divided by j(-11).
38
Let q = 0 + 6. Let n = 135 + -95. Calculate the remainder when n is divided by q.
4
Suppose -47 = -4*j - 3. Suppose -j*w + 85 = -6*w. Calculate the remainder when 66 is divided by w.
15
Suppose -b + 4 = 12*s - 11*s, -4*s = 3*b - 20. Calculate the remainder when 37 is divided by s.
5
Suppose 3*o = -2*u, -4*o = -9*u + 4*u + 23. Let j(d) = d**2 - 4*d - 8. Calculate the remainder when j(8) is divided by u.
0
Let r be 13/((-65)/(-60)) + -3. Suppose -33 = -6*o + r. Suppose 0 = -o*g + 11*g - 104. What is the remainder when g is divided by 15?
11
Suppose -2*z - m + 136 = -34, 178 = 2*z - m. Let r = 2 + 6. What is the remainder when z is divided by r?
7
Calculate the remainder when 215 is divided by 4/(3/(-2472)*-8*4).
9
Suppose 4*t - 2*t - 6 = 0. Suppose 7*i = -20*i + 162. Calculate the remainder when i is divided by t.
0
What is the remainder when (50/8)/(0 - (-1)/12) is divided by 48?
27
Calculate the remainder when (-1)/(11912/(-1984) + 6) is divided by 14.
10
Suppose 0*o + 534 = 2*o. Suppose -7*b + 153 = -o. What is the remainder when b is divided by 21?
18
Suppose 2*b = 2*v - 42, -v + b + b + 23 = 0. Let x be ((-230)/3)/(2/(-3)). Let l = -80 + x. What is the remainder when l is divided by v?
16
Let v = -2020 + 2070. Calculate the remainder when v is divided by 3.
2
Suppose 31 = w + 4*y, -w + 42 = -4*y + 27. Calculate the remainder when 87 is divided by w.
18
Let v(u) = -u**2 + 16*u + 12. Calculate the remainder when 153 is divided by v(14).
33
Suppose -3*l + 683 = 14*o - 9*o, -3*o + 2*l + 406 = 0. What is the remainder when o is divided by 47?
42
Let y(l) = l**3 - 12*l**2 + 14*l - 12. Calculate the remainder when 37 is divided by y(11).
16
Let r(c) = 12*c + 253. Calculate the remainder when 161 is divided by r(-20).
5
What is the remainder when 38 is divided by (-1)/(4/792*-6)?
5
Suppose -4*g - 93 = -g. Let c = 45 + g. Let p(w) = w**3 + 12*w**2 + 6*w - 15. Calculate the remainder when p(-11) is divided by c.
12
Suppose -97*g - 4*c = -99*g + 40, -4*g + 4*c + 80 = 0. Suppose 7*n - 216 = 4*n. Calculate the remainder when n is divided by g.
12
Let j = 553 + -456. Calculate the remainder when j is divided by 21.
13
Suppose f = 2*c - 0*c - 184, -3*c + 4*f = -271. Suppose 0 = -0*t - 3*t - 6. What is the remainder when c is divided by (6*t)/((-6)/8)?
13
Let o(j) be the first derivative of -3*j**2/2 + 25*j - 3. What is the remainder when 126 is divided by o(-6)?
40
Suppose 0 = 59*h + 4 - 4842. What is the remainder when 211 is divided by h?
47
Let h = -30 + 50. Suppose s - h = -3*s. Suppose -s*m + 22 = -3. Calculate the remainder when 16 is divided by m.
1
Suppose -192 = -8*c + 32. What is the remainder when c is divided by 18?
10
Suppose -2*u = -3*q + 174, 37 = -5*q + 4*u + 325. Calculate the remainder when q is divided by 34.
26
Let r = -721 + 1094. What is the remainder when r is divided by 3?
1
Suppose 5*m = 25*m - 2380. Calculate the remainder when m is divided by 10.
9
Let j = -47 + 89. What is the remainder when j is divided by (-38)/(-4) + (84/(-8))/(-7)?
9
Suppose 3*i - 3*m = 5*i + 101, 4*i = -4*m - 196. Let o = -4 - i. Let t = 0 - -15. Calculate the remainder when o is divided by t.
12
Let x(v) = -7*v**2 + 107*v - 21. What is the remainder when 36 is divided by x(15)?
0
Let t(a) = 116*a - 791. What is the remainder when 72 is divided by t(7)?
9
Let x = 16 - 23. Let w be 96*(x/3 + 1). Let u = 190 + w. What is the remainder when u is divided by 16?
14
Let v be (-4 + 3)/((-4)/460). Suppose -2*t = d - 227, t + 2*d - v = -0*d. Let m = -68 + t. What is the remainder when m is divided by 12?
9
Let y = -1 + -7. Let d(v) = 21*v. Let p be d(y). What is the remainder when 67 is divided by p/(-32)*(-8)/(-3)?
11
Let o = -8 + 4. Let d(r) = 5*r + 23. Calculate the remainder when 25 is divided by d(o).
1
Let o = 56 + -51. Suppose 380 - o = 5*j. Calculate the remainder when j is divided by 19.
18
Let s be -3*22*(-3)/9. Suppose -3*a - 2*g + 34 = -0*a, -2*a + s = 2*g. Let w = 105 + -70. Calculate the remainder when w is divided by a.
11
Let u(y) = y**2 - 2*y - 1. Let t be u(4). Suppose 3*c - t = 8. Let f = 181 - 162. What is the remainder when f is divided by c?
4
Let u = -528 + 594. Calculate the remainder when 261 is divided by u.
63
Let v = -10 - -9. Let r(y) = -5*y + 1. What is the remainder when 16 is divided by r(v)?
4
Suppose 0 = -2*q - 5*k + 10 - 1, -3*q - 2*k = 14. Calculate the remainder when ((-4)/q)/((-1)/(-88)) is divided by 15.
14
Suppose -14 = -9*l + 13. Suppose 0 = -l*c + 91 + 26. What is the remainder when 192 is divided by c?
36
Suppose 2*p - 4*g - 43 = -5*g, 0 = 3*g - 15. Let q = 20 - p. Let i(a) = 57*a - 1. What is the remainder when i(q) is divided by 15?
11
Let v = -416 + 439. Calculate the remainder when v is divided by 9.
5
Let f = -16 + 3. Let t = f + 22. What is the remainder when 43 is divided by t?
7
Let c(h) be the first derivative of h**3/3 + h**2/2 + 8*h + 2. Let g = 103 - 74. What is the remainder when g is divided by c(0)?
5
Let v(d) = -d**3 + 5*d**2 - 3*d + 1. Let j(u) = -32*u + 14. Let l be j(-1). Let w = -30 + l. Calculate the remainder when w is divided by v(4).
1
Suppose 0 = -11*f + 75 + 101. Calculate the remainder when f is divided by 4.
0
Let j = 355 - 349. Calculate the remainder when 17 is divided by j.
5
Suppose n = 0, 0 = 2*o + 4*n - 5*n + 6. What 